{"id":116,"date":"2022-06-01T11:09:19","date_gmt":"2022-06-01T11:09:19","guid":{"rendered":"https:\/\/jachabauer.de\/?page_id=116"},"modified":"2022-06-01T11:10:49","modified_gmt":"2022-06-01T11:10:49","slug":"fruehstueck","status":"publish","type":"page","link":"https:\/\/jachabauer.de\/?page_id=116","title":{"rendered":"Fr\u00fchst\u00fcck?"},"content":{"rendered":"\n<p>Da wir uns als ein Boardinghouse verstehen, bieten wir kein Fr\u00fchst\u00fcck an.&nbsp;<\/p>\n\n\n\n<p>Allerdings ist es und m\u00f6glich, falls sie mit einer gro\u00dfen Gruppe bei uns \u00fcbernachten, ihnen nach Absprache Fr\u00fchst\u00fcck f\u00fcr Gruppen gegen separate Bezahlung anzubieten.&nbsp;<\/p>\n\n\n\n<figure class=\"wp-block-image size-full\"><img loading=\"lazy\" decoding=\"async\" width=\"800\" height=\"450\" src=\"https:\/\/jachabauer.de\/wp-content\/uploads\/2022\/06\/Frueh01.jpg\" alt=\"\" class=\"wp-image-117\" srcset=\"https:\/\/jachabauer.de\/wp-content\/uploads\/2022\/06\/Frueh01.jpg 800w, https:\/\/jachabauer.de\/wp-content\/uploads\/2022\/06\/Frueh01-300x169.jpg 300w, https:\/\/jachabauer.de\/wp-content\/uploads\/2022\/06\/Frueh01-768x432.jpg 768w, https:\/\/jachabauer.de\/wp-content\/uploads\/2022\/06\/Frueh01-528x297.jpg 528w\" sizes=\"auto, (max-width: 800px) 100vw, 800px\" \/><\/figure>\n","protected":false},"excerpt":{"rendered":"<p>Da wir uns als ein Boardinghouse verstehen, bieten wir kein Fr\u00fchst\u00fcck an.&nbsp; Allerdings ist es und m\u00f6glich, falls sie mit einer gro\u00dfen Gruppe bei uns \u00fcbernachten, ihnen nach Absprache Fr\u00fchst\u00fcck [&hellip;]<\/p>\n","protected":false},"author":1,"featured_media":0,"parent":0,"menu_order":0,"comment_status":"closed","ping_status":"closed","template":"","meta":{"footnotes":""},"class_list":["post-116","page","type-page","status-publish","czr-hentry"],"_links":{"self":[{"href":"https:\/\/jachabauer.de\/index.php?rest_route=\/wp\/v2\/pages\/116","targetHints":{"allow":["GET"]}}],"collection":[{"href":"https:\/\/jachabauer.de\/index.php?rest_route=\/wp\/v2\/pages"}],"about":[{"href":"https:\/\/jachabauer.de\/index.php?rest_route=\/wp\/v2\/types\/page"}],"author":[{"embeddable":true,"href":"https:\/\/jachabauer.de\/index.php?rest_route=\/wp\/v2\/users\/1"}],"replies":[{"embeddable":true,"href":"https:\/\/jachabauer.de\/index.php?rest_route=%2Fwp%2Fv2%2Fcomments&post=116"}],"version-history":[{"count":2,"href":"https:\/\/jachabauer.de\/index.php?rest_route=\/wp\/v2\/pages\/116\/revisions"}],"predecessor-version":[{"id":123,"href":"https:\/\/jachabauer.de\/index.php?rest_route=\/wp\/v2\/pages\/116\/revisions\/123"}],"wp:attachment":[{"href":"https:\/\/jachabauer.de\/index.php?rest_route=%2Fwp%2Fv2%2Fmedia&parent=116"}],"curies":[{"name":"wp","href":"https:\/\/api.w.org\/{rel}","templated":true}]}}