{"id":120,"date":"2022-06-01T11:10:27","date_gmt":"2022-06-01T11:10:27","guid":{"rendered":"https:\/\/jachabauer.de\/?page_id=120"},"modified":"2022-06-01T11:10:28","modified_gmt":"2022-06-01T11:10:28","slug":"zustellbetten","status":"publish","type":"page","link":"https:\/\/jachabauer.de\/?page_id=120","title":{"rendered":"Zustellbetten"},"content":{"rendered":"\n<p>Unsere Zimmer sind klassische Einzel-\/Doppelzimmer bzw. Zweibettzimmer. <\/p>\n\n\n\n<p>Nat\u00fcrlich ist es m\u00f6glich, dort ein mitgebrachtes Kinderbett f\u00fcr Kinder bis 5 Jahre einzustellen. In einem Doppelzimmer (Nr. 12) kann auch ein 3. Bett von uns hinzugestellt werden. Sprechen sie einfach mit uns, wir werden flexible L\u00f6sungen finden.<\/p>\n\n\n\n<p>Was ist m\u00f6glich:<\/p>\n\n\n\n<ul class=\"wp-block-list\"><li>Selbst mitgebrachtes Kinderbett f\u00fcr Kinder bis 5 Jahre in Zimmer 01, 03 und 12<\/li><li>ggf. 3. vollwertiges Bett in Zimmer 12\u00a0\u00a0<\/li><\/ul>\n","protected":false},"excerpt":{"rendered":"<p>Unsere Zimmer sind klassische Einzel-\/Doppelzimmer bzw. Zweibettzimmer. Nat\u00fcrlich ist es m\u00f6glich, dort ein mitgebrachtes Kinderbett f\u00fcr Kinder bis 5 Jahre einzustellen. In einem Doppelzimmer (Nr. 12) kann auch ein 3. [&hellip;]<\/p>\n","protected":false},"author":1,"featured_media":0,"parent":0,"menu_order":0,"comment_status":"closed","ping_status":"closed","template":"","meta":{"footnotes":""},"class_list":["post-120","page","type-page","status-publish","czr-hentry"],"_links":{"self":[{"href":"https:\/\/jachabauer.de\/index.php?rest_route=\/wp\/v2\/pages\/120","targetHints":{"allow":["GET"]}}],"collection":[{"href":"https:\/\/jachabauer.de\/index.php?rest_route=\/wp\/v2\/pages"}],"about":[{"href":"https:\/\/jachabauer.de\/index.php?rest_route=\/wp\/v2\/types\/page"}],"author":[{"embeddable":true,"href":"https:\/\/jachabauer.de\/index.php?rest_route=\/wp\/v2\/users\/1"}],"replies":[{"embeddable":true,"href":"https:\/\/jachabauer.de\/index.php?rest_route=%2Fwp%2Fv2%2Fcomments&post=120"}],"version-history":[{"count":1,"href":"https:\/\/jachabauer.de\/index.php?rest_route=\/wp\/v2\/pages\/120\/revisions"}],"predecessor-version":[{"id":122,"href":"https:\/\/jachabauer.de\/index.php?rest_route=\/wp\/v2\/pages\/120\/revisions\/122"}],"wp:attachment":[{"href":"https:\/\/jachabauer.de\/index.php?rest_route=%2Fwp%2Fv2%2Fmedia&parent=120"}],"curies":[{"name":"wp","href":"https:\/\/api.w.org\/{rel}","templated":true}]}}