{"id":240,"date":"2022-06-01T12:15:38","date_gmt":"2022-06-01T12:15:38","guid":{"rendered":"https:\/\/jachabauer.de\/?page_id=240"},"modified":"2022-06-01T12:15:39","modified_gmt":"2022-06-01T12:15:39","slug":"kelheim","status":"publish","type":"page","link":"https:\/\/jachabauer.de\/?page_id=240","title":{"rendered":"Kelheim"},"content":{"rendered":"\n<p>Von uns ist Kelheim ca. 15km entfernt und lohnt durchaus einen Besuch.&nbsp;<\/p>\n\n\n\n<p>Kelheim, erste Funde datieren auf 2000 v.Chr. war fr\u00fch besiedelt von den Neandertalern, sp\u00e4ter auch die R\u00f6mer sowie die Bajuwaren.&nbsp;Bis zur ungekl\u00e4rten Ermordung von &#8222;Ludwig dem Kelheimer\u201c, im Jahre 1231 auf der Donaubr\u00fccke war die Stadt eine der bevorzugten Residenzen des bayerischen Herzogsgeschlechts.&nbsp;<\/p>\n\n\n\n<p>Info zu Kelheim:<\/p>\n\n\n\n<p><a href=\"https:\/\/www.kelheim.de\/\" target=\"_blank\" rel=\"noreferrer noopener\">Kelheim.de<\/a><\/p>\n\n\n\n<p><a rel=\"noreferrer noopener\" href=\"https:\/\/de.wikipedia.org\/wiki\/Kelheim\" target=\"_blank\">Kelheim in Wikipedia<\/a><\/p>\n\n\n\n<figure class=\"wp-block-image size-large\"><img loading=\"lazy\" decoding=\"async\" width=\"1024\" height=\"768\" src=\"https:\/\/jachabauer.de\/wp-content\/uploads\/2022\/06\/20020414-DSCF0005-1024x768.jpeg\" alt=\"\" class=\"wp-image-241\" srcset=\"https:\/\/jachabauer.de\/wp-content\/uploads\/2022\/06\/20020414-DSCF0005-1024x768.jpeg 1024w, https:\/\/jachabauer.de\/wp-content\/uploads\/2022\/06\/20020414-DSCF0005-300x225.jpeg 300w, https:\/\/jachabauer.de\/wp-content\/uploads\/2022\/06\/20020414-DSCF0005-768x576.jpeg 768w, https:\/\/jachabauer.de\/wp-content\/uploads\/2022\/06\/20020414-DSCF0005.jpeg 1280w\" sizes=\"auto, (max-width: 1024px) 100vw, 1024px\" \/><\/figure>\n","protected":false},"excerpt":{"rendered":"<p>Von uns ist Kelheim ca. 15km entfernt und lohnt durchaus einen Besuch.&nbsp; Kelheim, erste Funde datieren auf 2000 v.Chr. war fr\u00fch besiedelt von den Neandertalern, sp\u00e4ter auch die R\u00f6mer sowie [&hellip;]<\/p>\n","protected":false},"author":1,"featured_media":0,"parent":0,"menu_order":0,"comment_status":"closed","ping_status":"closed","template":"","meta":{"footnotes":""},"class_list":["post-240","page","type-page","status-publish","czr-hentry"],"_links":{"self":[{"href":"https:\/\/jachabauer.de\/index.php?rest_route=\/wp\/v2\/pages\/240","targetHints":{"allow":["GET"]}}],"collection":[{"href":"https:\/\/jachabauer.de\/index.php?rest_route=\/wp\/v2\/pages"}],"about":[{"href":"https:\/\/jachabauer.de\/index.php?rest_route=\/wp\/v2\/types\/page"}],"author":[{"embeddable":true,"href":"https:\/\/jachabauer.de\/index.php?rest_route=\/wp\/v2\/users\/1"}],"replies":[{"embeddable":true,"href":"https:\/\/jachabauer.de\/index.php?rest_route=%2Fwp%2Fv2%2Fcomments&post=240"}],"version-history":[{"count":1,"href":"https:\/\/jachabauer.de\/index.php?rest_route=\/wp\/v2\/pages\/240\/revisions"}],"predecessor-version":[{"id":243,"href":"https:\/\/jachabauer.de\/index.php?rest_route=\/wp\/v2\/pages\/240\/revisions\/243"}],"wp:attachment":[{"href":"https:\/\/jachabauer.de\/index.php?rest_route=%2Fwp%2Fv2%2Fmedia&parent=240"}],"curies":[{"name":"wp","href":"https:\/\/api.w.org\/{rel}","templated":true}]}}