{"id":251,"date":"2022-06-01T12:19:08","date_gmt":"2022-06-01T12:19:08","guid":{"rendered":"https:\/\/jachabauer.de\/?page_id=251"},"modified":"2022-06-01T12:19:09","modified_gmt":"2022-06-01T12:19:09","slug":"sommerrodelbahn-riedenburg","status":"publish","type":"page","link":"https:\/\/jachabauer.de\/?page_id=251","title":{"rendered":"Sommerrodelbahn Riedenburg"},"content":{"rendered":"\n<p>Der Altm\u00fchlBOB, eine der modernsten Sommerrodelbahnen weltweit, garantiert mit seinem neuartigen System unvergesslichen Rodelspa\u00df in teilweise luftigen H\u00f6hen mit \u00fcber 1.000 m Bahnl\u00e4nge. Die Komfort-Schlitten sind bei jeder Witterung einsatzbereit, sie laufen spurgef\u00fchrt auf Edelstahlrohren, v\u00f6llig sicher und ger\u00e4uschlos.<\/p>\n\n\n\n<p>Info:&nbsp;<a href=\"http:\/\/www.altmuehlbob.com\/\" target=\"_blank\" rel=\"noreferrer noopener\">Altm\u00fchlBOB<\/a><\/p>\n","protected":false},"excerpt":{"rendered":"<p>Der Altm\u00fchlBOB, eine der modernsten Sommerrodelbahnen weltweit, garantiert mit seinem neuartigen System unvergesslichen Rodelspa\u00df in teilweise luftigen H\u00f6hen mit \u00fcber 1.000 m Bahnl\u00e4nge. Die Komfort-Schlitten sind bei jeder Witterung einsatzbereit, [&hellip;]<\/p>\n","protected":false},"author":1,"featured_media":0,"parent":0,"menu_order":0,"comment_status":"closed","ping_status":"closed","template":"","meta":{"footnotes":""},"class_list":["post-251","page","type-page","status-publish","czr-hentry"],"_links":{"self":[{"href":"https:\/\/jachabauer.de\/index.php?rest_route=\/wp\/v2\/pages\/251","targetHints":{"allow":["GET"]}}],"collection":[{"href":"https:\/\/jachabauer.de\/index.php?rest_route=\/wp\/v2\/pages"}],"about":[{"href":"https:\/\/jachabauer.de\/index.php?rest_route=\/wp\/v2\/types\/page"}],"author":[{"embeddable":true,"href":"https:\/\/jachabauer.de\/index.php?rest_route=\/wp\/v2\/users\/1"}],"replies":[{"embeddable":true,"href":"https:\/\/jachabauer.de\/index.php?rest_route=%2Fwp%2Fv2%2Fcomments&post=251"}],"version-history":[{"count":1,"href":"https:\/\/jachabauer.de\/index.php?rest_route=\/wp\/v2\/pages\/251\/revisions"}],"predecessor-version":[{"id":253,"href":"https:\/\/jachabauer.de\/index.php?rest_route=\/wp\/v2\/pages\/251\/revisions\/253"}],"wp:attachment":[{"href":"https:\/\/jachabauer.de\/index.php?rest_route=%2Fwp%2Fv2%2Fmedia&parent=251"}],"curies":[{"name":"wp","href":"https:\/\/api.w.org\/{rel}","templated":true}]}}